is the thousands digit of 2559?
2
What is the hundred thousands digit of 128108?
1
What is the ten thousands digit of 32068?
3
What is the thousands digit of 6074?
6
What is the units digit of 5638?
8
What is the thousands digit of 2991?
2
What is the tens digit of 869?
6
What is the tens digit of 252?
5
What is the tens digit of 39935?
3
What is the thousands digit of 2419?
2
What is the units digit of 4863?
3
What is the hundreds digit of 1031?
0
What is the hundreds digit of 10766?
7
What is the thousands digit of 97684?
7
What is the units digit of 1936?
6
What is the units digit of 1286?
6
What is the units digit of 1089?
9
What is the units digit of 4840?
0
What is the units digit of 40804?
4
What is the hundreds digit of 340?
3
What is the thousands digit of 3473?
3
What is the hundreds digit of 2345?
3
What is the units digit of 1129?
9
What is the ten thousands digit of 22326?
2
What is the ten thousands digit of 12780?
1
What is the thousands digit of 5611?
5
What is the thousands digit of 7960?
7
What is the thousands digit of 7047?
7
What is the hundreds digit of 2292?
2
What is the hundreds digit of 467?
4
What is the tens digit of 2313?
1
What is the hundreds digit of 8317?
3
What is the thousands digit of 1134?
1
What is the tens digit of 22742?
4
What is the hundreds digit of 1403?
4
What is the tens digit of 19194?
9
What is the units digit of 923?
3
What is the hundreds digit of 14341?
3
What is the hundreds digit of 22868?
8
What is the hundreds digit of 130965?
9
What is the hundreds digit of 111615?
6
What is the hundreds digit of 35010?
0
What is the hundreds digit of 2099?
0
What is the hundreds digit of 2518?
5
What is the thousands digit of 140992?
0
What is the units digit of 1607?
7
What is the hundreds digit of 2546?
5
What is the hundreds digit of 69680?
6
What is the thousands digit of 2480?
2
What is the ten thousands digit of 47185?
4
What is the thousands digit of 2926?
2
What is the tens digit of 532?
3
What is the hundreds digit of 27052?
0
What is the hundreds digit of 3874?
8
What is the ten thousands digit of 92764?
9
What is the thousands digit of 5842?
5
What is the tens digit of 3620?
2
What is the hundreds digit of 11283?
2
What is the units digit of 658?
8
What is the hundreds digit of 4140?
1
What is the hundreds digit of 9298?
2
What is the tens digit of 1424?
2
What is the tens digit of 89145?
4
What is the tens digit of 39694?
9
What is the ten thousands digit of 25156?
2
What is the thousands digit of 1525?
1
What is the units digit of 23568?
8
What is the units digit of 1384?
4
What is the units digit of 6823?
3
What is the units digit of 854?
4
What is the tens digit of 775?
7
What is the tens digit of 947?
4
What is the tens digit of 8465?
6
What is the ten thousands digit of 25662?
2
What is the thousands digit of 1216?
1
What is the hundreds digit of 4074?
0
What is the hundreds digit of 6247?
2
What is the hundreds digit of 567?
5
What is the units digit of 11027?
7
What is the tens digit of 132?
3
What is the units digit of 540?
0
What is the thousands digit of 1844?
1
What is the units digit of 2471?
1
What is the tens digit of 1281?
8
What is the hundreds digit of 1436?
4
What is the ten thousands digit of 12873?
1
What is the ten thousands digit of 110465?
1
What is the ten thousands digit of 11274?
1
What is the ten thousands digit of 27859?
2
What is the units digit of 1258?
8
What is the tens digit of 576?
7
What is the tens digit of 15449?
4
What is the hundreds digit of 10694?
6
What is the ten thousands digit of 16872?
1
What is the hundreds digit of 1188?
1
What is the tens digit of 1693?
9
What is the tens digit of 428?
2
What is the thousands digit of 186928?
6
What is the hundreds digit of 3202?
2
What is the tens digit of 4460?
6
What is the tens digit of 6429?
2
What is the units digit of 2949?
9
What is the ten thousands digit of 99713?
9
What is the hundreds digit of 3420?
4
What is the units digit of 898?
8
What is the ten thousands digit of 17501?
1
What is the tens digit of 55851?
5
What is the hundreds digit of 1918?
9
What is the thousands digit of 2268?
2
What is the thousands digit of 1127?
1
What is the units digit of 158920?
0
What is the units digit of 7?
7
What is the units digit of 531?
1
What is the units digit of 153352?
2
What is the thousands digit of 1572?
1
What is the units digit of 115818?
8
What is the hundreds digit of 79372?
3
What is the tens digit of 409?
0
What is the tens digit of 1019?
1
What is the ten thousands digit of 10355?
1
What is the hundreds digit of 28414?
4
What is the tens digit of 23332?
3
What is the hundreds digit of 9474?
4
What is the thousands digit of 1628?
1
What is the hundreds digit of 4398?
3
What is the thousands digit of 6841?
6
What is the units digit of 24064?
4
What is the units digit of 1383?
3
What is the thousands digit of 57471?
7
What is the thousands digit of 24811?
4
What is the units digit of 894?
4
What is the tens digit of 661?
6
What is the hundreds digit of 1618?
6
What is the hundreds digit of 363?
3
What is the tens digit of 37913?
1
What is the thousands digit of 7687?
7
What is the tens digit of 23228?
2
What is the units digit of 15227?
7
What is the tens digit of 13943?
4
What is the tens digit of 3321?
2
What is the hundreds digit of 1700?
7
What is the tens digit of 223?
2
What is the hundreds digit of 50687?
6
What is the hundreds digit of 19362?
3
What is the tens digit of 986?
8
What is the units digit of 1165?
5
What is the hundreds digit of 41437?
4
What is the units digit of 24909?
9
What is the tens digit of 6566?
6
What is the ten thousands digit of 11978?
1
What is the hundreds digit of 5483?
4
What is the units digit of 1626?
6
What is the hundreds digit of 2901?
9
What is the units digit of 82761?
1
What is the hundreds digit of 764?
7
What is the hundreds digit of 2689?
6
What is the hundreds digit of 45299?
2
What is the tens digit of 256?
5
What is the units digit of 240?
0
What is the thousands digit of 33916?
3
What is the units digit of 3714?
4
What is the tens digit of 15230?
3
What is the tens digit of 2438?
3
What is the tens digit of 4600?
0
What is the thousands digit of 4736?
4
What is the tens digit of 14505?
0
What is the units digit of 617?
7
What is the units digit of 267?
7
What is the hundreds digit of 1338?
3
What is the tens digit of 751?
5
What is the tens digit of 10325?
2
What is the units digit of 92?
2
What is the tens digit of 712?
1
What is the units digit of 4799?
9
What is the units digit of 4651?
1
What is the hundreds digit of 9697?
6
What is the tens digit of 31?
3
What is the tens digit of 1400?
0
What is the units digit of 4229?
9
What is the hundred thousands digit of 143053?
1
What is the thousands digit of 3692?
3
What is the units digit of 2209?
9
What is the tens digit of 86600?
0
What is the hundred thousands digit of 159613?
1
What is the ten thousands digit of 50681?
5
What is the tens digit of 657?
5
What is the thousands digit of 11456?
1
What is the hundreds digit of 1462?
4
What is the units digit of 1377?
7
What is the thousands digit of 2184?
2
What is the tens digit of 139689?
8
What is the units digit of 2362?
2
What is the hundreds digit of 1426?
4
What is the hundreds digit of 2719?
7
What is the ten thousands digit of 22269?
2
What is the hundreds digit of 1248?
2
What is the tens digit of 190?
9
What is the ten thousands digit of 18689?
1
What is the thousands digit of 20710?
0
What is the tens digit of 813?
1
What is the thousands digit of 1770?
1
What is the tens digit of 6678?
7
What is the units digit of 2933?
3
What is the units digit of 89341?
1
What is the units digit of 17037?
7
What is the units digit of 22072?
2
What is the hundreds digit of 90036?
0
What is the units digit of 145?
5
What is the thousands digit of 1074?
1
What is the hundreds digit of 5102?
1
What is the tens digit of 38162?
6
What is the hundred thousands digit of 158670?
1
What is the hundreds digit of 847?
8
What is the tens digit of 5732?
3
What is the tens digit of 585?
8
What is the hundreds digit of 2145?
1
What is the units digit of 11204?
4
What is the hundreds digit of 2253?
2
What is the units digit of 748?
8
What is the units digit of 11430